2 - 30*k - 8414*k**2. What is z(12)?
-1
Let a(y) = -5*y**2 + 4*y + 7. Let c(t) = 14*t**2 - 12*t - 20. Let q = -94 - -91. Let k(u) = q*c(u) - 8*a(u). Determine k(4).
-12
Let w(o) = 0*o - 5*o + 83948 + 11*o**2 - 83948. Calculate w(1).
6
Let w(b) be the first derivative of -b**4/4 - 3*b**3 - 5*b**2 + 5*b - 2. Let n be 66 - 76 - (2 + -1 + -3). What is w(n)?
21
Suppose 6*h = -0*h + 18. Let g(v) = -9 - 9 + 30 - 14 - h*v. Suppose -3*u + 4*f - 8 = 1, -9 = 3*u + 4*f. Give g(u).
7
Let g = 71 - 68. Let q(o) = o**3 + 5*o**2 - 4*o - 1. Let t(u) = -u**3 - 5*u**2 + 3*u. Let w(j) = g*t(j) + 4*q(j). Determine w(-6).
2
Let d(i) = -i - 5. Suppose -3*g + 487 = 142. Suppose h + 137 = 4*l - 9*l, g = -4*l + h. Let f = l - -23. Determine d(f).
0
Let k(u) be the first derivative of 11*u**2/2 + 83*u + 4006. Calculate k(-7).
6
Let u(k) = -34 + 14*k + 35 + 21*k - 8*k. What is u(1)?
28
Suppose 5*h - 175 = 5*w, 3*h + 4*w - 59 = 25. Let d = h - 31. Let m(x) = -3*x + d - 3*x + x + 9*x. Determine m(1).
5
Let x(m) = m**3 - 18*m**2 + 18*m + 12. Let o be x(17). Suppose 4*v + 22 = -3*r, -r - 5*v = 3*r + o. Let z = r + 7. Let j(f) = -f**3 + 1. Give j(z).
0
Let p(z) = z - 2. Let m(c) = c - 10. Let j(f) = m(f) - 4*p(f). Let d = -25 - -26. What is j(d)?
-5
Let h(i) be the first derivative of 1/2*i**2 + 120 + 17*i. What is h(-11)?
6
Let l(p) = -p**3 + p**2 + p + 3. Let d = 17 - 58. Let q = -20 - d. Let r = -21 + q. Calculate l(r).
3
Let c(l) = l - 22. Suppose 39 + 51 = 7*y - 1. What is c(y)?
-9
Let i(v) = 4*v**2 - 22*v + 6. Suppose -2*y + 7*y - 35 = 5*w, -19 = -5*y - 3*w. Let z be i(y). Let x(f) = 2*f - 2. What is x(z)?
-10
Suppose 59012*b = 59004*b - 88. Let c(f) = 2*f - 2*f - 4*f + 3*f + 2. Calculate c(b).
13
Let g(n) = -17*n - 7. Let k(o) = -o + 2. Let f(i) = -g(i) - 2*k(i). Give f(-1).
-16
Let a(n) = -20*n - 3. Suppose 5*o - 8 = -3*w - 0*w, 5*o = 3*w + 2. Let h be 4/w*-3*12/72. Give a(h).
37
Let w = 112 + -120. Let n(l) be the first derivative of -l**2/2 + l - 17. Determine n(w).
9
Let a be -1*(3 - 0 - 12)*-1. Let w(c) = c**3 + 9*c**2 + 5. Let b be w(a). Suppose b*q = 3*q + 6. Let d(v) = -v**2 - v + 3. Give d(q).
-9
Let a(q) = -22*q**2 - 40 + 529*q - 532*q + 24*q**2. What is a(7)?
37
Suppose g = -5*k - 18, g + 0*g + 10 = -k. Let m(s) be the third derivative of -1/60*s**5 - 3*s + 0 + 17*s**2 - 7/24*s**4 - 1/6*s**3. What is m(g)?
-9
Let k(o) = o + 5. Let p be k(-7). Let l(d) = 2*d + 1. Let b(s) = 1. Let z(x) = x**2 - 16*x + 56. Let u be z(11). Let i(t) = p*b(t) + u*l(t). Determine i(3).
5
Let j(v) = -41*v**2 + 253*v + 21. Let x(t) = 67*t**2 - 413*t - 35. Let c(a) = -18*j(a) - 11*x(a). Let q(w) = 2*w**2 + 2. Let s be q(-2). Determine c(s).
-3
Let p(h) = -25*h**3 + 4*h**2 + 7*h - 10. Let f(r) = -24*r**3 + 3*r**2 + 5*r - 7. Let u(l) = 3*f(l) - 2*p(l). Give u(-1).
21
Let j be (3 + 85/(-34))*0. Let i(r) be the second derivative of 1/20*r**5 + j*r**3 - 7/12*r**4 + 25*r - 4*r**2 + 0. What is i(7)?
-8
Let m(c) = c**2 + 15*c - 3. Let g be (-8)/(-12) - (3 - 48/9). Suppose 4*f + 45 = g*w, -79*f - 3*w + 15 = -81*f. What is m(f)?
-3
Let n(z) = 26*z + 136. Suppose -2*x = -5*o + 20, -3*x + 5*x + 4*o = -2. Give n(x).
6
Let m(x) be the third derivative of x**5/60 + x**4/3 + 5*x**3/3 + 3*x**2 - 255*x. Give m(-7).
3
Let i be 4/(-4)*-1 - -2. Let n(p) = -p**2 - i*p**2 + 1 - p**3 - p**2 - 5*p + 12*p**2. Let o be (0/6 + 1)*6. Determine n(o).
7
Let g(v) = 3*v**2 - 4*v + 1. Let a(o) = 4*o**2 - 5*o + 1. Suppose 0 = -2*n - 0 - 8. Let l(k) = n*a(k) + 5*g(k). Let m = -598 + 600. Determine l(m).
-3
Let n(c) = 11*c - 48 + 5*c + 26 - 34*c + 8*c + 9*c. Suppose 2*r + 15 + 3 = 0. Determine n(r).
-13
Let i = 59 + -58. Let y(v) = -8 + i - v**2 - 4*v - 3*v + 10*v. Give y(5).
-17
Let s(t) = -13*t**3 - 10*t - 10. Let l be s(-1). Let y(o) = 5*o + 524 - 528 + 12*o**2 + 2*o**3 + 9*o - 3*o**3. What is y(l)?
9
Suppose -2*a - p = 31, -5*a - 2*p = 3*a + 134. Let x(y) = -y - 2. Determine x(a).
16
Suppose 5*z - 22 = -47, -k = 3*z + 21. Let v(h) = 11*h + 70. Determine v(k).
4
Let d(o) be the third derivative of o**6/180 - o**5/60 - o**4/24 - 97*o**3/3 + 107*o**2. Let p(v) be the first derivative of d(v). What is p(0)?
-1
Let d = -95 - -14. Let q = d - -80. Let a(w) be the second derivative of -w**3/2 - w**2/2 - 5*w. Determine a(q).
2
Let z be (5*6/60)/((-2)/16). Let l = 34 - 30. Let p(r) = -5 - 5 - l + 5*r + r**2 + 17. What is p(z)?
-1
Let d be 7 - (0 + 8 + -216). Let c = -220 + d. Let a(i) = -4*i - 9. Calculate a(c).
11
Let k(q) = 6*q**3 + 12*q**2 + 60*q - 15. Let d(r) = 5*r**3 + 12*r**2 + 53*r - 15. Let p(l) = 5*d(l) - 4*k(l). Determine p(-9).
3
Let t(f) = f**3 + 9*f**2 + 9*f + 9. Let k(q) = q**3 + 28*q**2 - 26*q + 79. Let b be k(-29). Give t(b).
1
Let j(m) = -1 - 7*m + 3640*m**2 - 7285*m**2 + 3644*m**2. Give j(-7).
-1
Let z(f) = -5 - 3 - 3*f - 1. Let b be (-1)/(-3) + (7524/1782)/((-2)/3). What is z(b)?
9
Let d(q) = 26*q**2 - 21*q - 52. Let b(s) = 3*s**2 - 2*s - 5. Let v(o) = -21*b(o) + 2*d(o). Calculate v(1).
-10
Let z(d) = -1162*d + 2315. Let t be z(2). Let g(x) = x**3 + 7*x**2 - 5*x + 17. Give g(t).
-100
Let v be (-54)/6 + 8 - 5. Let s be 117/(v - -15) + 0. Let t(p) = -p**2 + 13*p - 3. Calculate t(s).
-3
Let w(n) = 2*n**3 + 2*n**2 - 3. Let k(u) = 7*u**3 + 6*u**2 + 8*u - 7. Let o(y) = k(y) - 4*w(y). Determine o(-3).
-10
Let y(d) = 30*d - 10. Let q = 1217 + -1214. What is y(q)?
80
Let m(o) = -33*o**2 - 24*o - 19. Let p(a) = 20*a**2 + 14*a + 9. Let n(k) = -3*m(k) - 5*p(k). Determine n(-3).
-3
Let a(h) = 6*h**3 - h**2 + h - 1. Suppose 57*l = 35*l. Suppose 4*u + 15*q - 12*q - 10 = l, 2*u + 5*q = 12. Calculate a(u).
5
Let t(h) = -h**3 - 7*h**2 + 9*h + 10. Suppose -3*u - 3*g + 84 = 0, -5*u = -3*u - 4*g - 74. Suppose 2*a = -21 + u. Let p = a + -13. Calculate t(p).
2
Let i(r) = 2*r**2 - 45*r + 27. Suppose -388 + 182 = -30*h + 484. Determine i(h).
50
Suppose 0 = -17*z - 159 - 152 - 79 + 458. Let c(s) be the third derivative of s**5/60 - 7*s**4/24 - s**3/2 - s**2. Calculate c(z).
-15
Let m(s) = -4*s + 287. Let i(g) = 13*g - 993. Let d(q) = 6*i(q) + 21*m(q). Calculate d(12).
-3
Let p(w) = 2*w**2 + 4*w - 6. Let g(b) = -3*b**2 - 3*b + 8. Let m(s) = 3*g(s) + 4*p(s). Suppose 9 - 37 = -4*n. What is m(n)?
0
Let n(u) = -21*u**2 - 60*u + 4. Let t = -191 + 188. Let z be n(t). Let g(k) = -2*k - 6. Calculate g(z).
4
Let t(p) = p**3 + 5*p**2 - 4*p + 7. Let y = -66 - 4. Let o = y + 88. Suppose -o = -3*n + 4*n + 4*s, 5*n = -5*s - 45. Calculate t(n).
-5
Let n(c) = 4*c + 5. Suppose -r + 3*u + 15 = -4*r, -2*u = 5*r + 22. Let y be ((-4)/8 + r)*6/9. Give n(y).
-7
Suppose 2*u = 4*q - 16, 0*u + 18 = 2*q + 4*u. Let c(p) = p**3 + 18*p**2. Let y be c(-18). Let d(v) = 4 - 4*v + 10*v + y*v - q*v. Give d(-5).
-1
Let j(l) = -l - 417. Let c(u) = -553. Let s(i) = 3*c(i) - 4*j(i). Let q = 6 + -10. Give s(q).
-7
Let z(v) be the first derivative of -v**2 + 23*v + 71. Let g be z(9). Let r(x) = -x**2 + 8*x - 7. Give r(g).
8
Let m(g) = g**3 - 6*g - 5. Let k = 156 + -158. Let f be m(k). Let a(b) = -4*b + 1. Give a(f).
5
Let g(l) = -l**3 + 7*l**2 - 13*l + 9. Let v be g(4). Let n(q) = 55 - 4*q**3 + 15*q**2 - 105 + 52 + v*q**3. Calculate n(-15).
2
Let z(i) = 7*i**3 - 18*i**2 + 2*i - 1. Let v(r) = 5*r**3 - 17*r**2 + r - 2. Let j(c) = -4*v(c) + 3*z(c). Determine j(-14).
-23
Let n(u) be the second derivative of 12*u + 1/12*u**4 + 0*u**3 + 1 - 16*u**2. Determine n(0).
-32
Let y(q) = q**3 + 7*q**2 + 7*q - 2. Let o = -78 - -40. Let s = -27 - o. Let m be (8 - s)*(-5)/(-3). Determine y(m).
13
Let p(h) = 5*h - 16. Let d be p(4). Suppose -o + 3*l - 20 = -l, 0 = -d*l + 20. Suppose 19*c + 6 + 13 = o. Let x(t) = 2*t**3 - t**2 - 2*t - 1. Calculate x(c).
-2
Let k(i) = i**3 - 25*i**2 + 43*i + 64. Let p be (-207)/(-1 - -1 - 9). What is k(p)?
-5
Let z(k) be the first derivative of -5*k - 1/3*k**3 + 13/2*k**2 - 73. Calculate z(9).
31
Suppose 35*j + 10*j = 540. Let g(f) = -21*f + 48*f + 5*f**2 + 21 - j*f - 4*f**2 - 31*f. Calculate g(15).
6
Let y(i) = -5*i**3 + 40*i**2 - 80*i - 8. Let h(c) = -8*c**3 + 41*c**2 - 80*c - 11. Let w(n) = 2*h(n) - 3*y(n). Give w(-40).
2
Let w(v) = 15*v**2 - 2*v + 10. Let k(f) = 22*f**2 - 3*f + 18. Let s(d) = 3*k(d) - 5*w(d). What is s(-2)?
-34
Let w(b) = 61*b - 784. Let a be w(14). Let y(t) = 2*t**3 - 139*t**2 - 69*t - 75. What is y(a)?
-5
Let x(u) be the second der